2, 3, 5
Let t(k) = -k**3 - 10*k**2 - 10*k - 8. Let p be t(-9). List the prime factors of -1 + (2 - -39*p).
2, 5
What are the prime factors of (-194)/(-4) + 4/8?
7
Suppose -3*v - 3*l = -v - 367, 3*l = v - 206. List the prime factors of v.
191
Let v = 5 - 4. Suppose -5*t + 4 = -2*a - v, 2*t - 21 = -3*a. List the prime factors of (3 + -1)*t/2.
3
Let r be -1*(4/4 + -131). Suppose -v = -6*v + r. What are the prime factors of v?
2, 13
Suppose 7*o = 2*o. Suppose o*z + 3 = z. List the prime factors of z.
3
What are the prime factors of -12*2*36/(-16)?
2, 3
Let k(u) = -10*u + 4. What are the prime factors of k(-2)?
2, 3
Suppose 3*n = -3, 9*n + 45 = 4*i + 4*n. Let t = i + -3. What are the prime factors of t?
7
Suppose -2*g + 79 = -263. List the prime factors of g.
3, 19
Suppose -52 = -4*i - 2*q, -2*q - 52 = -4*i - 0*i. List the prime factors of i.
13
Let y(n) = -n + 20. Suppose 0 = -3*d + 4*d. Let z be y(d). Suppose -z - 5 = -5*a. List the prime factors of a.
5
Let h = -8 - -8. Let m = 21 + -13. Suppose j - 2 - m = h. List the prime factors of j.
2, 5
Let z = 40 + -21. Suppose 5*p + 16 + z = 0. List the prime factors of 0 - (p + (-6)/3).
3
Let t = 3 + -1. Let x be (11 - 3)*(-1)/t. Let s(m) = -m**3 - 4*m**2 - 2*m + 2. What are the prime factors of s(x)?
2, 5
Let n = 54 + -2. List the prime factors of n.
2, 13
Suppose -r + 4*r = 2*l - 524, -4*l = r - 1034. List the prime factors of l.
7, 37
Let f(h) = 3*h + 3 - h**2 - 11*h**3 + 0*h**2 - 7*h. Let n(g) = -23*g**3 - 2*g**2 - 9*g + 7. Let r(w) = 7*f(w) - 3*n(w). What are the prime factors of r(-1)?
2
Let l = 23 + -16. Suppose -4*k = -l - 17. List the prime factors of k.
2, 3
Let u = -5 - -10. Suppose -2*y - 35 = -u*l, -28 + 0 = 4*y + 4*l. What are the prime factors of (-177)/(-15) + (-2)/y?
2, 3
Suppose 0 = 3*j + 4*l + 8 - 32, j + 3*l - 13 = 0. Suppose -j = -2*f + 4*f. What are the prime factors of f/(-3)*9/2?
3
Suppose -17 = -2*p - p - 4*u, 3*u - 6 = 0. Suppose -p*y + 61 = -5. What are the prime factors of y?
2, 11
Suppose 5*n + 5*z - 150 = 0, z + 85 = 3*n + 11. Let p = n + -7. What are the prime factors of p?
19
Let l(n) = -n**3 + 3*n**2 + 4*n - 1. Let p be l(3). Let r = p + 3. List the prime factors of r.
2, 7
Let j(q) = q + 2. Let k be j(0). Let p(h) = 11*h + 1. Let c be p(1). Suppose -d = -v - 15, k*d - 5*v - 21 = c. What are the prime factors of d?
2, 7
Let r = 13 + -6. Suppose 5*v = 4*u - 28, -2*v = -4*u + 23 - r. Let k(j) = j**2 + j - 1. List the prime factors of k(u).
5
Let d = 13 - 8. Suppose 0 = -2*x - i - 31, 4*x + 8*i - 7*i = -65. What are the prime factors of 8/(-3 - x/d)?
2, 5
Let w = 5 + -5. Let v(u) = u**3 + u**2 - 27. Let b be v(w). What are the prime factors of 4/18 + (-480)/b?
2, 3
Let x = -41 + 10. Let t = 44 + x. What are the prime factors of t?
13
Let f be 8/((6/3)/(-4)). Let n = -8 - f. Suppose -4*c = -0*c + 4*y - 64, c - y = n. List the prime factors of c.
2, 3
Suppose 191 = 3*g - 5*n - 69, 90 = g - n. Suppose 3*k + 2*k = g. List the prime factors of k.
19
Let x = -54 - -125. List the prime factors of x.
71
Let u = 3 + 1. Suppose u*m = 8*m - 68. What are the prime factors of m?
17
Let x = -11 + 15. Suppose -24 - 40 = -2*s - t, -5*s - x*t = -166. What are the prime factors of s?
2, 3, 5
Suppose -30 = -5*t - 0*t + 4*j, -3*t = -j - 11. Let c(o) = -5 - 1 + t + o. What are the prime factors of c(7)?
3
List the prime factors of (-29)/((-1)/(-3)*-3).
29
Let a(n) = 7*n**2 + 3*n - 2. Let z be a(-3). Let f = z + -28. List the prime factors of f.
2, 3
Let u(q) be the third derivative of q**8/10080 - q**7/2520 - q**5/60 - 3*q**2. Let g(o) be the third derivative of u(o). What are the prime factors of g(-2)?
2, 3
Let i be 1/5 + (-19)/(-5). Let a be i*-1 - -2 - -10. Let x(u) = u + 9. List the prime factors of x(a).
17
Suppose 5*l - 2 = 18. Let j be (9/l - 2)*-4. List the prime factors of 1/(j/15)*-1.
3, 5
Let b(j) = j. Let d be b(5). Suppose -d*m + m = 8. Let x(n) = -4*n + 1. What are the prime factors of x(m)?
3
Let n = 246 + -55. List the prime factors of n.
191
Suppose 0*i + 3*m = -2*i - 11, 0 = -5*i - m - 34. Let g(t) = 2*t - 1. Let s(k) = -3*k + 2. Let o(p) = 4*g(p) + 3*s(p). What are the prime factors of o(i)?
3
Let l be (-4)/((-3)/((-9)/(-2))). Suppose 3*a - l = 5*q, 2*a + 3*a = -2*q + 10. Suppose a*g + 22 = 4*g. What are the prime factors of g?
11
Suppose 6 = 2*h, 4*l + 3*h = 2*h + 227. List the prime factors of l.
2, 7
Suppose -3*q + 135 = 5*x, -q + 8 = -x - 45. Suppose 4*k - 107 = -3*z, 5*z - 3*k - 80 - q = 0. What are the prime factors of z?
29
Let r(k) = -k**2 + 11*k - 6. Let z be r(9). Suppose -2*v - v = -z. Let h = v + 2. What are the prime factors of h?
2, 3
Suppose 547 = 2*t - 3*v, v = -t + 2*t - 273. What are the prime factors of t?
2, 17
Suppose 0 = 4*r - i - 4, 5*r - 2*i - 5 = 3. Let j = r - -3. List the prime factors of 44/j - (-4)/(-6).
2, 7
Suppose 5*i = 0, 23*i = -2*t + 21*i + 686. What are the prime factors of t?
7
Let w(j) = -6*j + 5. Let b be w(-7). Let l = -82 - -49. Let q = b + l. What are the prime factors of q?
2, 7
Suppose -a + 4 = 5*s, 4*s - 7 - 1 = 4*a. Suppose -k = s - 2. Let p(r) = 12*r**3 + r - 1. What are the prime factors of p(k)?
2, 3
Suppose -3*o + 96 = -0*o. Suppose 0*y + 4*y + x = o, -4*y + x + 24 = 0. What are the prime factors of y?
7
Suppose -5*d - 203 = -13. List the prime factors of (2 + d)*(-6)/12.
2, 3
Let c(o) = -2 - 2*o - 1 - o. List the prime factors of c(-2).
3
Suppose 3*r = -r + 4. Let s = r - -1. What are the prime factors of (-14)/4*-1*s?
7
Suppose -3*w - 4*r + 60 - 13 = 0, -5*w = -r - 109. Let t = 3 + 3. List the prime factors of (-2)/t + 49/w.
2
Let w = -11 - -8. Suppose a + 5 = f, -4*f + 22 = -a + 8. Let o = f - w. What are the prime factors of o?
2, 3
Suppose -2*c + 19 = 3*g - 0*g, 5*c - 19 = 2*g. Suppose c*h + u - 141 = -0*u, 20 = -5*u. What are the prime factors of h?
29
Let f(v) = v**2 - 5*v + 1. Let r(d) = d**2 - 3*d + 2. Suppose 2*g = 0, 16 = 4*w - g + 4*g. Let h be r(w). What are the prime factors of f(h)?
7
Let d(h) be the third derivative of 0*h + 4*h**2 - 1/12*h**4 + 0 + 5/6*h**3. What are the prime factors of d(-6)?
17
Suppose -n + 4*n = 6. Let p(l) = 0*l**n + 2*l**2 - 1 + 0 - 5*l. List the prime factors of p(4).
11
Let c = 119 - 67. Suppose 2*o + c = 4*o. Let v = o - 16. List the prime factors of v.
2, 5
Let f(u) = u**3 + 3*u**2 - 4*u + 5. Let d be f(-4). Suppose d*q - 28 = -2*i, -4 = q - 2*q. List the prime factors of i.
2
Suppose -856 = 4*y - 12*y. List the prime factors of y.
107
Suppose 4*d + d = 25. Suppose 3*l + 0*l = d*i + 155, 130 = -5*i - 2*l. Let k = i - -42. List the prime factors of k.
2, 7
Let m(s) = -s**2 - 12*s + 4. What are the prime factors of m(-8)?
2, 3
Let c(w) = 2*w**2 + 15*w - 5. List the prime factors of c(-11).
2, 3
Let m be (-13 + 1)/((-8)/4). Let p(s) = -s**3 + 6*s**2 + s - 3. Let n be p(m). Suppose 4*z - 15 = n*z. List the prime factors of z.
3, 5
Let x(n) = -6*n**2. Let b be x(1). Suppose -17 = 2*c - 49. Let m = c + b. What are the prime factors of m?
2, 5
Let n(o) = 4*o + 11 + 0*o + o. What are the prime factors of n(5)?
2, 3
Let r(w) be the second derivative of -w**5/20 + 5*w**4/12 + w**3/3 - 5*w**2/2 - w. Let b = -8 - -13. What are the prime factors of r(b)?
5
Let b(i) be the second derivative of i**4/12 - i**3/2 - 2*i. Let x be b(3). Suppose 3*g + f - 18 = 0, x = -4*g + 3*f + 2 + 35. List the prime factors of g.
7
Suppose -5*j = -3*q + 171, -3*q - q - 5*j + 263 = 0. What are the prime factors of q?
2, 31
What are the prime factors of (-1116)/(-16) - (-8)/32?
2, 5, 7
Let f be (-2)/(-3) - (-28)/21. Suppose -7*i + 155 = -f*i. List the prime factors of i.
31
Let w = -6 + 1. Let q = 15 + w. Suppose 8 = -6*c + q*c. What are the prime factors of c?
2
Suppose 4*h = h - 6. Let n(d) = -d**3 - 2*d**2 - 3*d - 2. Let r be n(h). Suppose -j + 25 = 5*t, 0 = r*t - 9*t + j + 15. List the prime factors of t.
2
Let n(w) = -2 + 3*w**2 - w + 3*w**3 + 0 - 2*w**3. Let a be n(-2). List the prime factors of ((-5)/(-2))/(a/16).
2, 5
Suppose -4*t = v - 580, t + v - 234 = -92. What are the prime factors of t?
2, 73
Let z = 103 + -22. What are the prime factors of z?
3
Suppose 5*c + 64 = 224. Suppose f - 16 = -h - 3*h, 3*f + c = 4*h. List the prime factors of h.
5
Let t = -101 - -169. Suppose -157 - t = -5*r. What are the